{"id":1535,"date":"2025-02-15T15:14:14","date_gmt":"2025-02-15T19:14:14","guid":{"rendered":"http:\/\/revistamarca.heros-technology.com\/?page_id=1535"},"modified":"2025-02-16T14:02:28","modified_gmt":"2025-02-16T18:02:28","slug":"en-la-industria","status":"publish","type":"page","link":"https:\/\/revistamarcas.net\/?page_id=1535","title":{"rendered":"En la Industria"},"content":{"rendered":"<div class=\"wpb-content-wrapper\"><p>[vc_row][vc_column]<h4 class=\"box_header\">Marketing y Comunicaciones<\/h4>[\/vc_column][\/vc_row][vc_row][vc_column]<div class=\"vc_row wpb_row vc_row-fluid\"><ul class=\"blog clearfix small_margin\"><li class=\" post post-2173 type-post status-publish format-standard has-post-thumbnail hentry category-comunicaciones-corporativas category-gerencia category-industria tag-agencia-360 tag-agencias-de-publicidad tag-en-el-clavo tag-publicidad-en-venezuela\"><a class=\"post_image\" href=\"https:\/\/revistamarcas.net\/?p=2173\" title=\"En el Clavo Comunicaciones, un viaje con prop\u00f3sito\"><img loading=\"lazy\" decoding=\"async\" width=\"510\" height=\"187\" src=\"https:\/\/revistamarcas.net\/wp-content\/uploads\/2025\/05\/EN-EL-CLAVO-12-anos-510x187.png\" class=\"attachment-blog-post-thumb-medium size-blog-post-thumb-medium wp-post-image\" alt=\"En el Clavo Comunicaciones, un viaje con prop\u00f3sito\" title=\"\" \/><\/a><h5 class=\"clearfix with_number\"><a href=\"https:\/\/revistamarcas.net\/?p=2173\" title=\"En el Clavo Comunicaciones, un viaje con prop\u00f3sito\">En el Clavo Comunicaciones, un viaje con prop\u00f3sito<\/a><a href=\"https:\/\/revistamarcas.net\/?p=2173#respond\" title=\"0 comments\" class=\"comments_number\">0<span class=\"arrow_comments\"><\/span><\/a><\/h5><ul class=\"post_details simple\"><li class=\"category\"><a class=\"category-37\" href=\"https:\/\/revistamarcas.net\/?cat=37\" title=\"View all posts filed under Comunicaciones Corporativas\">Comunicaciones Corporativas<\/a>, <a class=\"category-36\" href=\"https:\/\/revistamarcas.net\/?cat=36\" title=\"Donde y quienes son, cuentas publicitarias, gerencias\">Gerencia<\/a>, <a class=\"category-42\" href=\"https:\/\/revistamarcas.net\/?cat=42\" title=\"Marketing y comunicaciones\">Industria<\/a><\/li><li class=\"date\">26\/05\/2025<\/li><\/ul><p>Esta agencia de publicidad 360 enfocada en comunicaciones con prop\u00f3sito y la creaci\u00f3n de experiencias de marca aut\u00e9nticas conmemora con orgullo su 12\u00ba aniversario. Bajo el lema inspirador \u00abcontigo, en equilibrio perfecto\u00bb, la agencia celebra un ciclo de evoluci\u00f3n constante, aliados s\u00f3lidos y un compromiso inquebrantable con sus clientes en la industria publicitaria.<\/p>\n<a title=\"READ MORE\" href=\"https:\/\/revistamarcas.net\/?p=2173\" class=\"read_more\"><span class=\"arrow\"><\/span><span>READ MORE<\/span><\/a><\/li><\/ul><\/div>[\/vc_column][\/vc_row][vc_row][vc_column]<div class=\"vc_row wpb_row vc_row-fluid\"><div class=\"vc_col-sm-4 wpb_column vc_column_container\"><ul class=\"blog three_columns clearfix\"><li class=\" post post-2715 type-post status-publish format-standard has-post-thumbnail hentry category-galeria category-instituto\"><a class=\"post_image\" href=\"https:\/\/revistamarcas.net\/?p=2715\" title=\"Expo Talento Creativo: La vitrina que conecta a j\u00f3venes creativos con el mercado laboral\"><img loading=\"lazy\" decoding=\"async\" width=\"510\" height=\"374\" src=\"https:\/\/revistamarcas.net\/wp-content\/uploads\/2025\/12\/ETC-4-marzo-510x374.jpg\" class=\"attachment-blog-post-thumb-big size-blog-post-thumb-big wp-post-image\" alt=\"Expo Talento Creativo: La vitrina que conecta a j\u00f3venes creativos con el mercado laboral\" title=\"\" srcset=\"https:\/\/revistamarcas.net\/wp-content\/uploads\/2025\/12\/ETC-4-marzo-510x374.jpg 510w, https:\/\/revistamarcas.net\/wp-content\/uploads\/2025\/12\/ETC-4-marzo-330x242.jpg 330w, https:\/\/revistamarcas.net\/wp-content\/uploads\/2025\/12\/ETC-4-marzo-130x95.jpg 130w\" sizes=\"auto, (max-width: 510px) 100vw, 510px\" \/><\/a><h2 class=\"clearfix with_number\"><a href=\"https:\/\/revistamarcas.net\/?p=2715\" title=\"Expo Talento Creativo: La vitrina que conecta a j\u00f3venes creativos con el mercado laboral\">Expo Talento Creativo: La vitrina que conecta a j\u00f3venes creativos con el mercado laboral<\/a><a href=\"https:\/\/revistamarcas.net\/?p=2715#respond\" title=\"0 comments\" class=\"comments_number\">0<span class=\"arrow_comments\"><\/span><\/a><\/h2><ul class=\"post_details\"><li class=\"category\"><a class=\"category-38\" href=\"https:\/\/revistamarcas.net\/?cat=38\" title=\"View all posts filed under Galeria\">Galeria<\/a>, <a class=\"category-46\" href=\"https:\/\/revistamarcas.net\/?cat=46\" title=\"View all posts filed under Instituto\">Instituto<\/a><\/li><li class=\"date\">03\/12\/2025<\/li><\/ul><p>Diecisiete estudiantes del Instituto Creativo Digital participaron en la segunda edici\u00f3n de esta exhibici\u00f3n en la que presentaron sus portafolios a los profesionales de diversas empresas. Las industrias creativas son altamente competitivas a nivel global, enfrent\u00e1ndose al impacto disruptivo de las innovaciones digitales, con la Inteligencia Artificial a la cabeza. Aunque existe el temor a<\/p>\n<a title=\"READ MORE\" href=\"https:\/\/revistamarcas.net\/?p=2715\" class=\"read_more\"><span class=\"arrow\"><\/span><span>READ MORE<\/span><\/a><\/li><\/ul><\/div><div class=\"vc_col-sm-4 wpb_column vc_column_container\"><ul class=\"blog three_columns clearfix\"><li class=\" post post-1762 type-post status-publish format-standard has-post-thumbnail hentry category-emprendimiento category-instituto category-mundo category-universidad tag-andres-bello tag-cannes tag-cine tag-estudiantes tag-publicidad tag-roger-hatchuel-student-academy tag-ucab tag-universidad\"><a class=\"post_image\" href=\"https:\/\/revistamarcas.net\/?p=1762\" title=\"Estudiantes de comunicaci\u00f3n social UCAB en el festival publicitario Cannes\"><img loading=\"lazy\" decoding=\"async\" width=\"510\" height=\"374\" src=\"https:\/\/revistamarcas.net\/wp-content\/uploads\/2025\/03\/ucab-cannes-510x374.jpg\" class=\"attachment-blog-post-thumb-big size-blog-post-thumb-big wp-post-image\" alt=\"Estudiantes de comunicaci\u00f3n social UCAB en el festival publicitario Cannes\" title=\"\" srcset=\"https:\/\/revistamarcas.net\/wp-content\/uploads\/2025\/03\/ucab-cannes-510x374.jpg 510w, https:\/\/revistamarcas.net\/wp-content\/uploads\/2025\/03\/ucab-cannes-330x242.jpg 330w, https:\/\/revistamarcas.net\/wp-content\/uploads\/2025\/03\/ucab-cannes-130x95.jpg 130w\" sizes=\"auto, (max-width: 510px) 100vw, 510px\" \/><\/a><h2 class=\"clearfix with_number\"><a href=\"https:\/\/revistamarcas.net\/?p=1762\" title=\"Estudiantes de comunicaci\u00f3n social UCAB en el festival publicitario Cannes\">Estudiantes de comunicaci\u00f3n social UCAB en el festival publicitario Cannes<\/a><a href=\"https:\/\/revistamarcas.net\/?p=1762#respond\" title=\"0 comments\" class=\"comments_number\">0<span class=\"arrow_comments\"><\/span><\/a><\/h2><ul class=\"post_details\"><li class=\"category\"><a class=\"category-44\" href=\"https:\/\/revistamarcas.net\/?cat=44\" title=\"Gente J\u00f3ven\">Emprendimiento<\/a>, <a class=\"category-46\" href=\"https:\/\/revistamarcas.net\/?cat=46\" title=\"View all posts filed under Instituto\">Instituto<\/a>, <a class=\"category-47\" href=\"https:\/\/revistamarcas.net\/?cat=47\" title=\"Casos Interesantes\">Mundo<\/a>, <a class=\"category-45\" href=\"https:\/\/revistamarcas.net\/?cat=45\" title=\"View all posts filed under Universidad\">Universidad<\/a><\/li><li class=\"date\">19\/03\/2025<\/li><\/ul><p>La Roger Hatchuel Student Academy, experiencia educativa que se llevar\u00e1 a cabo del 16 al 20 de junio de 2025, en el marco de la 72\u00aa edici\u00f3n del Cannes Lions International Festival of Creativity, el evento m\u00e1s importante en el mundo de la creatividad, el marketing, la publicidad y las relaciones p\u00fablicas.<\/p>\n<a title=\"READ MORE\" href=\"https:\/\/revistamarcas.net\/?p=1762\" class=\"read_more\"><span class=\"arrow\"><\/span><span>READ MORE<\/span><\/a><\/li><\/ul><\/div><div class=\"vc_col-sm-4 wpb_column vc_column_container\"><ul class=\"blog three_columns clearfix\"><li class=\" post post-981 type-post status-publish format-standard has-post-thumbnail hentry category-instituto\"><a class=\"post_image\" href=\"https:\/\/revistamarcas.net\/?p=981\" title=\"Review: 4 rugged tablets put to the test\"><span class=\"icon\"><span>8.2<\/span><\/span><img loading=\"lazy\" decoding=\"async\" width=\"510\" height=\"374\" src=\"https:\/\/revistamarcas.net\/wp-content\/uploads\/2015\/01\/image_07-510x374.jpg\" class=\"attachment-blog-post-thumb-big size-blog-post-thumb-big wp-post-image\" alt=\"Review: 4 rugged tablets put to the test\" title=\"\" srcset=\"https:\/\/revistamarcas.net\/wp-content\/uploads\/2015\/01\/image_07-510x374.jpg 510w, https:\/\/revistamarcas.net\/wp-content\/uploads\/2015\/01\/image_07-330x242.jpg 330w, https:\/\/revistamarcas.net\/wp-content\/uploads\/2015\/01\/image_07-130x95.jpg 130w\" sizes=\"auto, (max-width: 510px) 100vw, 510px\" \/><\/a><h2 class=\"clearfix with_number\"><a href=\"https:\/\/revistamarcas.net\/?p=981\" title=\"Review: 4 rugged tablets put to the test\">Review: 4 rugged tablets put to the test<\/a><a href=\"https:\/\/revistamarcas.net\/?p=981#respond\" title=\"0 comments\" class=\"comments_number\">0<span class=\"arrow_comments\"><\/span><\/a><\/h2><ul class=\"post_details\"><li class=\"category container-category-46\"><a class=\"category-46\" href=\"https:\/\/revistamarcas.net\/?cat=46\" title=\"View all posts filed under Instituto\">Instituto<\/a><\/li><li class=\"date\">02\/10\/2014<\/li><\/ul><p>Maecenas mauris elementum, est morbi interdum cursus at elite imperdiet libero. Proin odios dapibus integer an nulla augue pharetra cursus.<\/p>\n<a title=\"READ MORE\" href=\"https:\/\/revistamarcas.net\/?p=981\" class=\"read_more\"><span class=\"arrow\"><\/span><span>READ MORE<\/span><\/a><\/li><\/ul><\/div><\/div>[\/vc_column][\/vc_row]<\/p>\n<\/div>","protected":false},"excerpt":{"rendered":"<p>[vc_row][vc_column][\/vc_column][\/vc_row][vc_row][vc_column][\/vc_column][\/vc_row][vc_row][vc_column][\/vc_column][\/vc_row]<\/p>\n","protected":false},"author":3,"featured_media":0,"parent":0,"menu_order":0,"comment_status":"closed","ping_status":"closed","template":"","meta":{"footnotes":""},"class_list":["post-1535","page","type-page","status-publish","hentry"],"_links":{"self":[{"href":"https:\/\/revistamarcas.net\/index.php?rest_route=\/wp\/v2\/pages\/1535","targetHints":{"allow":["GET"]}}],"collection":[{"href":"https:\/\/revistamarcas.net\/index.php?rest_route=\/wp\/v2\/pages"}],"about":[{"href":"https:\/\/revistamarcas.net\/index.php?rest_route=\/wp\/v2\/types\/page"}],"author":[{"embeddable":true,"href":"https:\/\/revistamarcas.net\/index.php?rest_route=\/wp\/v2\/users\/3"}],"replies":[{"embeddable":true,"href":"https:\/\/revistamarcas.net\/index.php?rest_route=%2Fwp%2Fv2%2Fcomments&post=1535"}],"version-history":[{"count":3,"href":"https:\/\/revistamarcas.net\/index.php?rest_route=\/wp\/v2\/pages\/1535\/revisions"}],"predecessor-version":[{"id":1594,"href":"https:\/\/revistamarcas.net\/index.php?rest_route=\/wp\/v2\/pages\/1535\/revisions\/1594"}],"wp:attachment":[{"href":"https:\/\/revistamarcas.net\/index.php?rest_route=%2Fwp%2Fv2%2Fmedia&parent=1535"}],"curies":[{"name":"wp","href":"https:\/\/api.w.org\/{rel}","templated":true}]}}